se 2*k - 7 = h. What are the prime factors of k?
11
Let n(y) = y**2 + 7*y + 9. Let v be n(-7). Suppose -a - 3 + v = 0. List the prime factors of a.
2, 3
Suppose -5*z + 859 = 4*u, u - 223 = -0*z - 4*z. List the prime factors of u.
211
Suppose -1986 = -22*z + 16*z. List the prime factors of z.
331
Let f be 2 - ((-2)/1)/2. Let s(k) = -k**2 - 13*k - 2. Let d be s(-11). Suppose 0 = f*y + 5*a - d, y - 8 = -0*y - 3*a. What are the prime factors of y?
5
Suppose 4*r - 36 = -12. Suppose 4*n - 6*n - r = 0. List the prime factors of n + 1 - 1*-23.
3, 7
Let w(q) = q**3 - 4*q**2 + q - 4. Let b be w(4). Suppose 0 = -5*i - b*i + 95. What are the prime factors of i?
19
Let t(d) = 12*d + 8. Let l be t(8). Suppose -2*c + l = 2*c. Suppose 6*o = o - a + c, 4*o - 16 = 4*a. List the prime factors of o.
5
Let w = 819 + -477. List the prime factors of w.
2, 3, 19
Suppose n - 7 = 2*a + 33, -2*n - 5*a + 62 = 0. Suppose 9 + 6 = -3*x, -3*x = -3*p + 21. What are the prime factors of n/4 - (-2)/p?
2, 5
Suppose 3*o - 4*o - 3*v + 14 = 0, -v = -2*o. Suppose 16 = o*g - g. List the prime factors of g.
2
Suppose 2*y = i + 6, 3*i - 2 - 12 = -2*y. Suppose 3*w = -2*r + 51, 0*r - 3*r - y*w = -77. What are the prime factors of r?
3
Let w be (-4)/6*2*-3. Suppose 0 = -3*u - v - 0 + w, -5*v = 25. What are the prime factors of u?
3
Suppose -4*d = -0*d. Suppose 2*q + 50 = 5*b - 8, d = -5*q - 20. Suppose 2*m + 3*m - b = 0. What are the prime factors of m?
2
Suppose 236 = 4*u + 3*j + 2*j, 3*u + 4*j - 176 = 0. List the prime factors of u.
2
Suppose -100 = -2*q + 5*d, 2*q + 4*d - 72 = 2*d. What are the prime factors of q?
2, 5
Let o be 2 - 4/(-12)*-3. List the prime factors of -29*(3/o)/(-3).
29
Let b be (138/4 - -2)*2. Suppose -4*u = 5*d - 3*u - b, 0 = 3*d - 3*u - 33. List the prime factors of d.
2, 7
Let g be (-30)/(-9)*6/5. Let o = -9 + 33. Suppose -g*s = -o + 4. What are the prime factors of s?
5
Let o = -71 - -242. What are the prime factors of o?
3, 19
Let k(q) = q**3 - q**2 - q + 1. Suppose -2*o + 16 = 5*x, -o - 4*o + 2*x = -11. What are the prime factors of k(o)?
2
Suppose -3*u = -5*b + 2 + 12, -2*u - 24 = 4*b. Let n = u - -11. Suppose w = -5*t + 18, 0 = 4*w - 6*t + 3*t - n. What are the prime factors of w?
3
Suppose -3*n - 2*l = -171, 0 = l - 0*l. Let w = -37 + n. What are the prime factors of w?
2, 5
Suppose -4*n - 124 = n + 2*d, 2 = -d. What are the prime factors of n/10*10/(-3)?
2
Suppose 0 = 4*n - 1 + 13. Let h(a) = a**2 - 2*a + 1. Let q be h(1). What are the prime factors of (q - -3)*(-8)/n?
2
Suppose -3*x - 3*n = -15, -5*x + 6 = 4*n - 24. List the prime factors of x.
2, 5
Suppose -6*k + 18 = -3*k. Let f(r) = -r**3 - 23*r**2 - 21*r + 24. Let v be f(-22). Suppose -v*s = s - k. What are the prime factors of s?
2
Suppose -o = -2*r - 14, -o + 18 = -2*r + r. Suppose o + 5 = k. Let m = k + -15. What are the prime factors of m?
2, 3
List the prime factors of (-112)/(-6) + (-9)/(-27).
19
Let t(w) = -w**3 + 10*w**2 - 9*w - 4. Let r be t(9). List the prime factors of 0 - (-4 + 132/r).
37
Suppose 2*n + 18 = 4. Let o = -16 - -26. Let r = o + n. List the prime factors of r.
3
Let z(m) = -2*m - 5. Let p be z(-4). Suppose 20 = p*d - 19. Let i = d - 0. What are the prime factors of i?
13
Suppose 0 = 4*r - 7*r + 45. What are the prime factors of r?
3, 5
Let s(v) = -v**3 - 10*v**2 - 4*v - 6. Suppose 4*t + 10 + 30 = 0. What are the prime factors of s(t)?
2, 17
Suppose 169 - 34 = 5*f. Suppose 0 = 2*n - r - f, -2*n = -4*n + 2*r + 22. List the prime factors of n.
2
List the prime factors of 321/2 + (-9)/(-2) + -5.
2, 5
Let j = 51 - 21. What are the prime factors of j?
2, 3, 5
Suppose 0 = -2*m + 18 - 6. List the prime factors of 56/12 - m/9.
2
Let w(u) = -u**3 + 75. Let m be w(0). Suppose 0 = -5*s + m - 5. List the prime factors of s.
2, 7
Let c(a) = -a**2 - 4*a. Let k be c(-5). Let r = k + 38. List the prime factors of r.
3, 11
Suppose 5*l - 9*l + 8 = 0. Suppose c + 5*j + 21 = 0, l*c - 2*j + 1 = 19. Suppose -2*p - c = -4*k + 64, 5*p = 20. What are the prime factors of k?
19
Suppose -r + 10*h - 5*h + 10 = 0, -r = -4*h - 10. Suppose 38 = 3*m - r. List the prime factors of m.
2
Let f = 0 - -70. List the prime factors of f.
2, 5, 7
Suppose j = 6*j + 5. Let f = j - -6. Suppose -3*s - 4*u - f + 1 = 0, -4*s = -5*u - 36. List the prime factors of s.
2
Suppose z + 2*k = -1 + 4, -5*z = -2*k - 15. Suppose z = 2*h - 9. Let w = h - -3. What are the prime factors of w?
3
Let k = 3 + -5. Let c be 5*(-2)/(-4)*k. What are the prime factors of 2/c - 62/(-5)?
2, 3
Suppose 2*j + 0 - 8 = 0. Let i(b) = b**3 - 4*b**2 - 5*b + 2. Let s be i(5). List the prime factors of -6*(-1)/j*s.
3
Let w(p) = 5*p + 1. Let o(f) = 11*f + 1. Let u = 2 - 0. Let t(l) = u*o(l) - 5*w(l). What are the prime factors of t(-3)?
2, 3
List the prime factors of 0 + 59 - 0 - (-1 + -1).
61
Let w(t) = -3*t - 14. Let s(v) = 3*v + 12. Let x(o) = -6*s(o) - 5*w(o). Let a be 2/(1 + (-5)/3). List the prime factors of x(a).
7
Let y be 2*(-2 - -1) + -3. Let w = 13 + y. What are the prime factors of w?
2
Let c be 1/(2*(-2)/(-68)). Let m = c + 24. List the prime factors of m.
41
Let r = 4 - 2. Suppose -r*l + 9 = -l. List the prime factors of l.
3
Let m = 259 - 133. List the prime factors of m.
2, 3, 7
Suppose -d - 3*o = -3*d, -3*d - 5*o = 19. Let p = 8 + d. Suppose -3*n = 7*z - 2*z - 3, p*z + 5*n = -5. List the prime factors of z.
3
Suppose -r + 34 = -0*r + 3*x, 0 = r + x - 38. What are the prime factors of r?
2, 5
Suppose -q - q + 24 = 0. Let c = -7 + q. What are the prime factors of c?
5
Let d be ((-2 - -1) + 1)/2. Suppose d = -2*t + 8 - 0. Suppose w - 2*w + 5 = t*k, 3*k = -4*w + 33. List the prime factors of w.
3
Suppose -5*y + 93 = -92. Suppose o - 2 = y. List the prime factors of o.
3, 13
Let x(h) = -2*h**2 + 4*h + 1. Let y be x(3). Let k = -3 - y. Let v = 2 + k. What are the prime factors of v?
2
Let q be (-1 - (0 - 1)) + 3. Suppose -4*o = -0*o - 5*g - 48, 3*o - 63 = -q*g. List the prime factors of o.
17
Let i(h) = h**2 - 3. Let j be i(-3). Suppose v = -s + 2*v + j, 3*s - 22 = 2*v. What are the prime factors of s?
2, 5
Let b(i) = -11*i + 46. Let c(f) = -5*f + 23. Let j(m) = -6*b(m) + 13*c(m). List the prime factors of j(0).
23
What are the prime factors of (-30)/(6/(-3)) - -3?
2, 3
Suppose 2*a - 3*j - 36 = -a, 0 = 3*a - j - 26. Suppose -5*v + 3 = -a. List the prime factors of v.
2
Suppose -h = 3*h - 4*i - 216, -5*i = -3*h + 160. What are the prime factors of h?
5, 11
Suppose -3*w = -3*y + w + 169, y - 67 = 4*w. Suppose p + p - y = 5*n, 9 = p + 3*n. List the prime factors of p.
2, 3
Suppose 0 = 5*n + d + 4*d, -5 = -5*n - 4*d. Let u(w) = 3 + n - w + 3*w + 8. What are the prime factors of u(0)?
2
Let o = 44 + -86. Let g = -28 - o. What are the prime factors of g?
2, 7
Let a(i) = 2*i**2 + 2*i - 6. Let j be a(3). Suppose h + 3*v + 5 = -4*h, -j = h + 4*v. What are the prime factors of h?
2
Suppose -p = 4*p + 5*v - 20, -4*v + 17 = 5*p. Let j(u) = 0*u**2 + u**3 + 5*u**3 + u**2. What are the prime factors of j(p)?
7
Let p be (2/(-5))/(1/(-5)). Let v be (-4 + p)/((-4)/6). Suppose -v*c = -y - 0*c + 24, -y + 4*c + 29 = 0. What are the prime factors of y?
3
Let d(g) = -g**2 - 13*g - 11. What are the prime factors of d(-5)?
29
Let a(x) = x**2 - 12*x + 8. Let r be (-80)/(-6) - 2/6. What are the prime factors of a(r)?
3, 7
Let v = 50 - 23. List the prime factors of v.
3
Suppose -2*l = 16 + 16. Let u = 2 - l. What are the prime factors of u?
2, 3
Let w = -67 + 154. What are the prime factors of w?
3, 29
Let l = -28 - -56. Let h = -15 + l. Suppose 4*w - 3 = h, 3*q = -w + 40. What are the prime factors of q?
2, 3
Suppose -4*l + l + 9 = 0. Suppose -19 = -4*q - l. What are the prime factors of q?
2
Let d = 69 - 62. List the prime factors of d.
7
Suppose g = 2 + 3. What are the prime factors of g?
5
Suppose -2*l + 147 = 2*l - 5*o, -3*o = 5*l - 156. List the prime factors of l.
3, 11
Suppose 2*j - 207 = -65. What are the prime factors of j?
71
Let b(p) be the third derivative of p**4/24 + 7*p**3/6 - 5*p**2. List the prime factors of b(0).
7
Let x(j) = -2*j + 1. Let t = 8 + -9. What are the prime factors of x(t)?
3
Suppose -4*p + 16 = 4. Suppose 0 = -p*x + 2*x - 5*q + 4, 3*x = 4*q + 12. Let n(y) = 4*y - 4. What are the prime factors of n(x)?
2, 3
Let n = -488 - -893. Suppose 3 =